{"id":9326,"date":"2023-05-22T14:08:54","date_gmt":"2023-05-22T12:08:54","guid":{"rendered":"https:\/\/www.editions-libel.fr\/maison-edition\/?post_type=product&#038;p=9326"},"modified":"2024-10-01T15:29:49","modified_gmt":"2024-10-01T13:29:49","slug":"instruments-voyageurs","status":"publish","type":"product","link":"https:\/\/dev.editions-libel.fr\/2019\/boutique\/instruments-voyageurs\/","title":{"rendered":"Instruments voyageurs"},"content":{"rendered":"[vc_row][vc_column][vc_column_text]<a href=\"https:\/\/issuu.com\/libel\/docs\/instruments-voyageurs-extrait-libel\" target=\"_blank\" rel=\"noopener\"><span style=\"text-decoration: underline;\">Feuilleter un extrait<\/span><\/a><br \/>\n<a href=\"https:\/\/www.editions-libel.fr\/maison-edition\/wp-content\/uploads\/DP-INSTRUMENTS-VOYAGEURS.pdf\">Dossier de presse<\/a><br \/>\n<a href=\"https:\/\/www.editions-libel.fr\/maison-edition\/wp-content\/uploads\/NOTICE_LIBEL_INSTRUMENTS-VOYAGEURS.pdf\" target=\"_blank\" rel=\"noopener\"><span style=\"text-decoration: underline;\">Notice libraire<\/span><\/a>[\/vc_column_text][\/vc_column][\/vc_row]\n","protected":false},"excerpt":{"rendered":"<p><strong><span style=\"color: #000000;\"><b>Le monde sonne \u00e0 nos portes<br \/>\n<\/b><\/span><\/strong><\/p>\n<div class=\"\">\n<p class=\"p1\">\u00ab Instrument voyageurs \u00bb est la trace vivante et actualis\u00e9e d\u2019une aventure hors norme : la collecte d\u2019une centaine de t\u00e9moignages et d\u2019instruments de musique pour raconter une ville, Villeurbanne. Trois partenaires du territoire, le Centre des musiques traditionnelles Rh\u00f4ne-Alpes, l\u2019\u00c9cole nationale de musique et le Rize, centre m\u00e9moires, cultures \u00e9changes de la Ville de Villeurbanne, ont mis leurs forces en commun pour construire une exposition et faire vivre une saison culturelle en 2020\/21. Des professionnels de la musique et de la culture, qui ont v\u00e9cu l\u2019aventure et des chercheurs, qui l\u2019ont accompagn\u00e9e et observ\u00e9e, reviennent 2 ans plus tard sur ce que cette d\u00e9marche de collecte et de mise en exposition d\u2019instruments avait de novateur. Documents d\u2019archives, portraits photographiques, planches de bande dessin\u00e9e sont autant de langages compl\u00e9mentaires pour vous plonger dans un univers de formes et de pratiques d\u2019une extraordinaire diversit\u00e9. Collecter les instruments de musique de Villeurbannais et Villeurbannaises, c\u2019est partir pour un voyage \u00e0 travers les 5 continents.<\/p>\n<\/div>\n<div>\n<p>&nbsp;<\/p>\n<\/div>\n","protected":false},"featured_media":9329,"template":"","meta":[],"product_cat":[71,77,82,43,22,23,25],"product_tag":[],"class_list":["post-9326","product","type-product","status-publish","has-post-thumbnail","hentry","product_cat-arts","product_cat-histoire-2","product_cat-libel","product_cat-patrimoines","product_cat-recit","product_cat-regionalisme","product_cat-societe"],"_links":{"self":[{"href":"https:\/\/dev.editions-libel.fr\/2019\/wp-json\/wp\/v2\/product\/9326","targetHints":{"allow":["GET"]}}],"collection":[{"href":"https:\/\/dev.editions-libel.fr\/2019\/wp-json\/wp\/v2\/product"}],"about":[{"href":"https:\/\/dev.editions-libel.fr\/2019\/wp-json\/wp\/v2\/types\/product"}],"wp:featuredmedia":[{"embeddable":true,"href":"https:\/\/dev.editions-libel.fr\/2019\/wp-json\/wp\/v2\/media\/9329"}],"wp:attachment":[{"href":"https:\/\/dev.editions-libel.fr\/2019\/wp-json\/wp\/v2\/media?parent=9326"}],"wp:term":[{"taxonomy":"product_cat","embeddable":true,"href":"https:\/\/dev.editions-libel.fr\/2019\/wp-json\/wp\/v2\/product_cat?post=9326"},{"taxonomy":"product_tag","embeddable":true,"href":"https:\/\/dev.editions-libel.fr\/2019\/wp-json\/wp\/v2\/product_tag?post=9326"}],"curies":[{"name":"wp","href":"https:\/\/api.w.org\/{rel}","templated":true}]}}