{"id":9322,"date":"2023-05-22T12:56:48","date_gmt":"2023-05-22T10:56:48","guid":{"rendered":"https:\/\/www.editions-libel.fr\/maison-edition\/?post_type=product&#038;p=9322"},"modified":"2024-10-01T15:32:15","modified_gmt":"2024-10-01T13:32:15","slug":"la-fabrique-de-lexcellence","status":"publish","type":"product","link":"https:\/\/dev.editions-libel.fr\/2019\/boutique\/la-fabrique-de-lexcellence\/","title":{"rendered":"La fabrique de l&rsquo;excellence"},"content":{"rendered":"[vc_row][vc_column][vc_column_text]<a href=\"https:\/\/issuu.com\/libel\/docs\/extrait-maf-libel\"><span style=\"text-decoration: underline;\">Feuilleter un extrait<\/span><\/a><br \/>\n<a href=\"https:\/\/www.editions-libel.fr\/maison-edition\/wp-content\/uploads\/DP-EXCELLENCE-TRAVAIL.pdf\"><span style=\"text-decoration: underline;\">Dossier de presse<\/span><\/a><br \/>\n<a href=\"https:\/\/www.editions-libel.fr\/maison-edition\/wp-content\/uploads\/NOTICE_LIBEL_MAF.pdf\"><span style=\"text-decoration: underline;\">Notice libraire<\/span><\/a>[\/vc_column_text][\/vc_column][\/vc_row]\n","protected":false},"excerpt":{"rendered":"<p><strong><span style=\"color: #000000;\"><b>Dans l&rsquo;univers des Meilleurs Apprentis de France<\/b><\/span><\/strong><\/p>\n<div class=\"\">\n<p class=\"p1\">Cet ouvrage est l\u2019histoire d\u2019une rencontre entre deux sociologues, un photographe et de jeunes apprenti\u00b7es parti\u00b7es \u00e0 la conqu\u00eate d\u2019un titre, celui de Meilleur\u00b7e Apprenti\u00b7e de France. Ce concours r\u00e9unit chaque ann\u00e9e de nombreux m\u00e9tiers dans des domaines aussi divers que la m\u00e9canique, l\u2019esth\u00e9tique, la cuisine, la fleuristerie, la zinguerie, le service en salle, la coiffure, la proth\u00e9sie dentaire, la bijouterie\u2026 Sociologues et photographe rendent compte des processus complexes qui m\u00e8nent ces jeunes apprenti\u00b7es sur les chemins de l\u2019excellence professionnelle. \u00ab\u2009La fabrique de l\u2019excellence\u2009\u00bb se donne \u00e0 entendre, au travers des discours des jeunes, dans la fa\u00e7on dont ils \u00e9voquent leur engagement dans la formation et le travail, leur parcours scolaire, la passion du m\u00e9tier, le r\u00f4le des pairs dans l\u2019apprentissage. Elle se donne \u00e0 voir dans la pr\u00e9cision des gestes, la virtuosit\u00e9 des mains, la concentration des visages, la parfaite orchestration dans l\u2019encha\u00eenement des t\u00e2ches.<\/p>\n<\/div>\n<div>\n<p>&nbsp;<\/p>\n<\/div>\n","protected":false},"featured_media":9323,"template":"","meta":[],"product_cat":[77,82,21,22,25],"product_tag":[],"class_list":["post-9322","product","type-product","status-publish","has-post-thumbnail","hentry","product_cat-histoire-2","product_cat-libel","product_cat-photographie","product_cat-recit","product_cat-societe"],"_links":{"self":[{"href":"https:\/\/dev.editions-libel.fr\/2019\/wp-json\/wp\/v2\/product\/9322","targetHints":{"allow":["GET"]}}],"collection":[{"href":"https:\/\/dev.editions-libel.fr\/2019\/wp-json\/wp\/v2\/product"}],"about":[{"href":"https:\/\/dev.editions-libel.fr\/2019\/wp-json\/wp\/v2\/types\/product"}],"wp:featuredmedia":[{"embeddable":true,"href":"https:\/\/dev.editions-libel.fr\/2019\/wp-json\/wp\/v2\/media\/9323"}],"wp:attachment":[{"href":"https:\/\/dev.editions-libel.fr\/2019\/wp-json\/wp\/v2\/media?parent=9322"}],"wp:term":[{"taxonomy":"product_cat","embeddable":true,"href":"https:\/\/dev.editions-libel.fr\/2019\/wp-json\/wp\/v2\/product_cat?post=9322"},{"taxonomy":"product_tag","embeddable":true,"href":"https:\/\/dev.editions-libel.fr\/2019\/wp-json\/wp\/v2\/product_tag?post=9322"}],"curies":[{"name":"wp","href":"https:\/\/api.w.org\/{rel}","templated":true}]}}