{"id":931,"date":"2010-09-12T12:49:51","date_gmt":"2010-09-12T11:49:51","guid":{"rendered":"http:\/\/www.editions-libel.fr\/2016\/?post_type=product&#038;p=931"},"modified":"2024-01-15T12:09:00","modified_gmt":"2024-01-15T11:09:00","slug":"lyon-cite-radieuse","status":"publish","type":"product","link":"https:\/\/dev.editions-libel.fr\/2019\/boutique\/lyon-cite-radieuse\/","title":{"rendered":"Lyon, cit\u00e9 radieuse"},"content":{"rendered":"[vc_row][vc_column][vc_column_text]<span style=\"text-decoration: underline;\"><a href=\"https:\/\/issuu.com\/libel\/docs\/citeradieuse_issuu\" target=\"_blank\" rel=\"noopener noreferrer\">Feuilleter un extrait<\/a><\/span><br \/>\n<span style=\"text-decoration: underline;\"><a href=\"https:\/\/www.editions-libel.fr\/maison-edition\/wp-content\/uploads\/2015\/10\/PRESSE-RADIEUSE.pdf\" target=\"_blank\" rel=\"noopener noreferrer\">Dossier de presse<\/a><\/span><br \/>\n<span style=\"text-decoration: underline;\"><a href=\"https:\/\/www.editions-libel.fr\/maison-edition\/wp-content\/uploads\/2015\/10\/notice-radieuse.pdf\" target=\"_blank\" rel=\"noopener noreferrer\">Notice libraire<\/a><\/span>[\/vc_column_text][\/vc_column][\/vc_row]\n","protected":false},"excerpt":{"rendered":"<p><strong>Une aventure du Mouvement moderne international<br \/>\n<\/strong>\u00c0 Lyon apr\u00e8s 1945 \u00e9merge une nouvelle g\u00e9n\u00e9ration d\u2019architectes qui se r\u00e9clament de l\u2019Esprit nouveau de Le Corbusier et cherchent \u00e0 inventer une nouvelle fa\u00e7on de fabriquer la ville. L\u2019apport sp\u00e9cifique des architectes lyonnais au Mouvement moderne international se constitue entre autres avec les exp\u00e9riences de Bron-Parilly puis de la Duch\u00e8re.<\/p>\n<p><em><strong><span class=\"prix_en_baisse\"> Prix du livre du D\u00e9partement du Rh\u00f4ne<\/span><\/strong><span class=\"prix_en_baisse\">, <\/span><span class=\"prix_en_baisse\">cat\u00e9gorie Histoire et Patrimoine, 2010<\/span><\/em><\/p>\n","protected":false},"featured_media":5708,"template":"","meta":[],"product_cat":[71,82,11,17,43],"product_tag":[],"class_list":["post-931","product","type-product","status-publish","has-post-thumbnail","hentry","product_cat-arts","product_cat-libel","product_cat-architecture","product_cat-lyon","product_cat-patrimoines"],"_links":{"self":[{"href":"https:\/\/dev.editions-libel.fr\/2019\/wp-json\/wp\/v2\/product\/931","targetHints":{"allow":["GET"]}}],"collection":[{"href":"https:\/\/dev.editions-libel.fr\/2019\/wp-json\/wp\/v2\/product"}],"about":[{"href":"https:\/\/dev.editions-libel.fr\/2019\/wp-json\/wp\/v2\/types\/product"}],"wp:featuredmedia":[{"embeddable":true,"href":"https:\/\/dev.editions-libel.fr\/2019\/wp-json\/wp\/v2\/media\/5708"}],"wp:attachment":[{"href":"https:\/\/dev.editions-libel.fr\/2019\/wp-json\/wp\/v2\/media?parent=931"}],"wp:term":[{"taxonomy":"product_cat","embeddable":true,"href":"https:\/\/dev.editions-libel.fr\/2019\/wp-json\/wp\/v2\/product_cat?post=931"},{"taxonomy":"product_tag","embeddable":true,"href":"https:\/\/dev.editions-libel.fr\/2019\/wp-json\/wp\/v2\/product_tag?post=931"}],"curies":[{"name":"wp","href":"https:\/\/api.w.org\/{rel}","templated":true}]}}