{"id":8832,"date":"2023-01-03T15:40:12","date_gmt":"2023-01-03T14:40:12","guid":{"rendered":"https:\/\/www.editions-libel.fr\/maison-edition\/?post_type=product&#038;p=8832"},"modified":"2024-11-06T11:26:12","modified_gmt":"2024-11-06T10:26:12","slug":"mort-dune-montagne","status":"publish","type":"product","link":"https:\/\/dev.editions-libel.fr\/2019\/boutique\/mort-dune-montagne\/","title":{"rendered":"Mort d&rsquo;une montagne"},"content":{"rendered":"[vc_row][vc_column][vc_column_text]<a href=\"https:\/\/issuu.com\/libel\/docs\/hd_mort_dune_montagne_extrait\" target=\"_blank\" rel=\"noopener\"><span style=\"text-decoration: underline;\">Feuilleter un extrait<\/span><\/a><br \/>\n<a href=\"https:\/\/www.editions-libel.fr\/maison-edition\/wp-content\/uploads\/DP_LIBEL_MORT-DUNE-MONTAGNE.pdf\" target=\"_blank\" rel=\"noopener\"><span style=\"text-decoration: underline;\">Dossier de presse<\/span><\/a><br \/>\n<a href=\"https:\/\/www.editions-libel.fr\/maison-edition\/wp-content\/uploads\/NOTICE_LIBEL_MORT-DUNE-MONTAGNE.pdf\" target=\"_blank\" rel=\"noopener\"><span style=\"text-decoration: underline;\">Notice libraire<\/span><\/a>[\/vc_column_text][\/vc_column][\/vc_row]\n","protected":false},"excerpt":{"rendered":"<div id=\"tab-2c94af60-a783-10\" class=\"wpb_tab ui-tabs-panel wpb_ui-tabs-hide vc_clearfix ui-widget-content ui-corner-bottom\" role=\"tabpanel\" aria-labelledby=\"ui-id-1\" aria-hidden=\"false\">\n<div class=\"wpb_text_column wpb_content_element \">\n<div class=\"wpb_wrapper\">\n<p><a class=\"ebook\" href=\"https:\/\/www.editions-fablyo.fr\/produit\/mort-dune-montagne\/\" target=\"_blank\" rel=\"noopener noreferrer\"><img decoding=\"async\" style=\"width: 30px;\" src=\"https:\/\/www.editions-libel.fr\/maison-edition\/picto-fablyo-rose.svg\" \/>Ebook disponible ici<\/a><\/p>\n<div id=\"tab-2c94af60-a783-10\" class=\"wpb_tab ui-tabs-panel wpb_ui-tabs-hide vc_clearfix ui-widget-content ui-corner-bottom\" role=\"tabpanel\" aria-labelledby=\"ui-id-1\" aria-hidden=\"false\">\n<div class=\"wpb_text_column wpb_content_element \">\n<div class=\"wpb_wrapper\">\n<p class=\"p1\">Dans le massif imaginaire des Hautes Aigues, lors d\u2019un \u00e9t\u00e9 particuli\u00e8rement caniculaire, une paroi rocheuse s\u2019effondre dans la montagne de la Grande Reine, emportant trois alpinistes. Quelques jours plus tard, une cliente arrive de Paris avec la ferme intention de r\u00e9aliser l\u2019ascension. Nous suivons en parall\u00e8le plusieurs personnages pris dans la montagne et confront\u00e9s \u00e0 l\u2019urgence des enjeux qui la concernent. Tous se retrouveront au refuge du Vautour, d\u2019o\u00f9 la gardienne scrute avec angoisse les falaises qui s\u2019effondrent autour d\u2019elle.<\/p>\n<p class=\"p1\"><i>Cette pi\u00e8ce est issue d\u2019une r\u00e9sidence des deux auteurs dans le massif de Belledonne, en Is\u00e8re. Prenant le pouls d\u2019un milieu montagnard profond\u00e9ment boulevers\u00e9 par les impacts du r\u00e9chauffement climatique, elle constitue aussi le point de d\u00e9part d\u2019une aventure th\u00e9\u00e2trale multidimensionnelle\u00a0: repr\u00e9sent\u00e9e aussi bien dans les salles que sur le terrain, au plus pr\u00e8s des publics et sans artifice, elle sugg\u00e8re un th\u00e9\u00e2tre nomade, adaptable, allant \u00e0 la rencontre de tou\u00b7te\u00b7s.<\/i><\/p>\n<p><strong><span style=\"color: #ff9900;\">Prix du livre Pyr\u00e9n\u00e9en 2023<\/span><\/strong><\/p>\n<p><strong><span style=\"color: #eb8367;\"><b>\u00c9galement paru dans la collection : <\/b><\/span><a href=\"https:\/\/www.editions-libel.fr\/maison-edition\/boutique\/la-revolte-des-canuts\/\"><em>\u00c9chos de la fabrique<\/em><\/a><\/strong><\/p>\n<p><strong><em>\u00a0<\/em><\/strong><\/p>\n<\/div>\n<\/div>\n<\/div>\n<\/div>\n<\/div>\n<\/div>\n","protected":false},"featured_media":8835,"template":"","meta":[],"product_cat":[89,77,82,70,20,43,23],"product_tag":[],"class_list":["post-8832","product","type-product","status-publish","has-post-thumbnail","hentry","product_cat-collection-theatre","product_cat-histoire-2","product_cat-libel","product_cat-litterature","product_cat-montagne","product_cat-patrimoines","product_cat-regionalisme"],"_links":{"self":[{"href":"https:\/\/dev.editions-libel.fr\/2019\/wp-json\/wp\/v2\/product\/8832","targetHints":{"allow":["GET"]}}],"collection":[{"href":"https:\/\/dev.editions-libel.fr\/2019\/wp-json\/wp\/v2\/product"}],"about":[{"href":"https:\/\/dev.editions-libel.fr\/2019\/wp-json\/wp\/v2\/types\/product"}],"wp:featuredmedia":[{"embeddable":true,"href":"https:\/\/dev.editions-libel.fr\/2019\/wp-json\/wp\/v2\/media\/8835"}],"wp:attachment":[{"href":"https:\/\/dev.editions-libel.fr\/2019\/wp-json\/wp\/v2\/media?parent=8832"}],"wp:term":[{"taxonomy":"product_cat","embeddable":true,"href":"https:\/\/dev.editions-libel.fr\/2019\/wp-json\/wp\/v2\/product_cat?post=8832"},{"taxonomy":"product_tag","embeddable":true,"href":"https:\/\/dev.editions-libel.fr\/2019\/wp-json\/wp\/v2\/product_tag?post=8832"}],"curies":[{"name":"wp","href":"https:\/\/api.w.org\/{rel}","templated":true}]}}