{"id":8129,"date":"2021-11-08T09:42:40","date_gmt":"2021-11-08T08:42:40","guid":{"rendered":"https:\/\/www.editions-libel.fr\/maison-edition\/?post_type=product&#038;p=8129"},"modified":"2024-10-01T15:45:56","modified_gmt":"2024-10-01T13:45:56","slug":"sur-les-traces-des-gaulois-et-des-romains-en-vendee","status":"publish","type":"product","link":"https:\/\/dev.editions-libel.fr\/2019\/boutique\/sur-les-traces-des-gaulois-et-des-romains-en-vendee\/","title":{"rendered":"Sur les traces des Gaulois et des Romains en Vend\u00e9e"},"content":{"rendered":"[vc_row][vc_column][vc_column_text]<a href=\"https:\/\/issuu.com\/libel\/docs\/extrait_sur_les_traces_des_gaulois_et_des_romains_\" target=\"_blank\" rel=\"noopener noreferrer\"><span style=\"text-decoration: underline;\">F<\/span><span style=\"text-decoration: underline;\">euilleter un extrait<\/span><\/a><br \/>\n<a href=\"https:\/\/www.editions-libel.fr\/maison-edition\/wp-content\/uploads\/COMMUNIQUE-VENDEE-LIBEL-1.pdf\" target=\"_blank\" rel=\"noopener\"><span style=\"text-decoration: underline;\">Communiqu\u00e9 de presse<\/span><\/a><br \/>\n<a href=\"https:\/\/www.editions-libel.fr\/maison-edition\/wp-content\/uploads\/NOTICE_LIBEL_VENDEE.pdf\" target=\"_blank\" rel=\"noopener noreferrer\"><span style=\"text-decoration: underline;\">N<\/span><span style=\"text-decoration: underline;\">otice libraire<\/span><\/a>[\/vc_column_text][\/vc_column][\/vc_row]\n","protected":false},"excerpt":{"rendered":"<p><strong><span style=\"color: #ff0000;\">\u00a0<\/span><\/strong><\/p>\n<p class=\"p1\">Comment l\u2019arch\u00e9ologie peut-elle nous <span class=\"s1\">aider \u00e0 mieux comprendre les Gaulois et<\/span> <span class=\"s2\">les Gallo-Romains qui vivaient sur l\u2019actuel<\/span> territoire vend\u00e9en ? Les fouilles arch\u00e9ologiques men\u00e9es en Vend\u00e9e depuis 20 ans, notamment dans le cadre des op\u00e9rations pr\u00e9ventives li\u00e9es aux travaux d\u2019am\u00e9nagement du territoire, ont consid\u00e9rablement enrichi et renouvel\u00e9 nos connaissances sur son occupation \u00e0 l\u2019\u00e2ge du Fer et \u00e0 l\u2019\u00e9poque romaine. L\u2019exposition \u00ab\u2009Sur les traces des Gaulois et des Romains en Vend\u00e9e\u2009\u00bb est l\u2019occasion de pr\u00e9senter des objets in\u00e9dits, t\u00e9moins des savoir-faire et des modes de vie de nos anc\u00eatres. Entre actualit\u00e9s arch\u00e9ologiques et relecture des collections anciennes, ce catalogue met en lumi\u00e8re l\u2019\u00e9volution de la recherche \u00e0 travers le regard des arch\u00e9ologues d\u2019hier et d\u2019aujourd\u2019hui.<\/p>\n<p><em>Cet ouvrage accompagne l\u2019exposition <strong>Sur les traces des Gaulois et des Romains en Vend\u00e9e\u00a0<\/strong>pr\u00e9sent\u00e9e du 19 novembre 2021 au 20 f\u00e9vrier 2022<span class=\"date date-to\"> \u00e0 <a href=\"https:\/\/www.sitesculturels.vendee.fr\/Historial-de-Vendee\">L&rsquo;Historial de la Vend\u00e9e aux Lucs-sur-Boulogne<\/a>.\u00a0<\/span><\/em><strong><em>\u00a0<\/em><\/strong><\/p>\n","protected":false},"featured_media":8138,"template":"","meta":[],"product_cat":[77,82,15,43,23,24,25],"product_tag":[],"class_list":["post-8129","product","type-product","status-publish","has-post-thumbnail","hentry","product_cat-histoire-2","product_cat-libel","product_cat-histoire","product_cat-patrimoines","product_cat-regionalisme","product_cat-sciences","product_cat-societe"],"_links":{"self":[{"href":"https:\/\/dev.editions-libel.fr\/2019\/wp-json\/wp\/v2\/product\/8129","targetHints":{"allow":["GET"]}}],"collection":[{"href":"https:\/\/dev.editions-libel.fr\/2019\/wp-json\/wp\/v2\/product"}],"about":[{"href":"https:\/\/dev.editions-libel.fr\/2019\/wp-json\/wp\/v2\/types\/product"}],"wp:featuredmedia":[{"embeddable":true,"href":"https:\/\/dev.editions-libel.fr\/2019\/wp-json\/wp\/v2\/media\/8138"}],"wp:attachment":[{"href":"https:\/\/dev.editions-libel.fr\/2019\/wp-json\/wp\/v2\/media?parent=8129"}],"wp:term":[{"taxonomy":"product_cat","embeddable":true,"href":"https:\/\/dev.editions-libel.fr\/2019\/wp-json\/wp\/v2\/product_cat?post=8129"},{"taxonomy":"product_tag","embeddable":true,"href":"https:\/\/dev.editions-libel.fr\/2019\/wp-json\/wp\/v2\/product_tag?post=8129"}],"curies":[{"name":"wp","href":"https:\/\/api.w.org\/{rel}","templated":true}]}}