{"id":6847,"date":"2020-02-25T16:00:28","date_gmt":"2020-02-25T15:00:28","guid":{"rendered":"https:\/\/www.editions-libel.fr\/maison-edition\/?post_type=product&#038;p=6847"},"modified":"2024-11-06T11:31:38","modified_gmt":"2024-11-06T10:31:38","slug":"art-cloche-yonna-soltner","status":"publish","type":"product","link":"https:\/\/dev.editions-libel.fr\/2019\/boutique\/art-cloche-yonna-soltner\/","title":{"rendered":"Art-Cloche : Les oubli\u00e9s de l&rsquo;histoire ?"},"content":{"rendered":"[vc_row][vc_column][vc_column_text]<a href=\"https:\/\/issuu.com\/libel\/docs\/art-cloche-prix-memoire-sciences-po-lyon-extrait-l\" target=\"_blank\" rel=\"noopener noreferrer\"><span style=\"text-decoration: underline;\">Feuilleter un extrait<\/span><\/a><br \/>\n<a href=\"https:\/\/www.editions-libel.fr\/maison-edition\/wp-content\/uploads\/COMMUNIQUE-SCIENCES-PO_LIBEL.pdf\" target=\"_blank\" rel=\"noopener noreferrer\"><span style=\"text-decoration: underline;\">Communiqu\u00e9 de presse<\/span><\/a><br \/>\n<a href=\"https:\/\/www.editions-libel.fr\/maison-edition\/wp-content\/uploads\/NOTICE_LIBEL_ART-CLOCHE.pdf\" target=\"_blank\" rel=\"noopener noreferrer\"><span style=\"text-decoration: underline;\">Notice libraire<\/span><\/a>[\/vc_column_text][\/vc_column][\/vc_row]\n","protected":false},"excerpt":{"rendered":"<p><a class=\"ebook\" href=\"https:\/\/www.editions-fablyo.fr\/produit\/art-cloche-les-oublies-de-lhistoire\/\" target=\"_blank\" rel=\"noopener noreferrer\"><img decoding=\"async\" style=\"width: 30px;\" src=\"https:\/\/www.editions-libel.fr\/maison-edition\/picto-fablyo-rose.svg\" \/>Ebook disponible ici<\/a><\/p>\n<div id=\"tab-2c94af60-a783-10\" class=\"wpb_tab ui-tabs-panel wpb_ui-tabs-hide vc_clearfix ui-widget-content ui-corner-bottom\" role=\"tabpanel\" aria-labelledby=\"ui-id-1\" aria-hidden=\"false\">\n<div class=\"wpb_text_column wpb_content_element \">\n<div class=\"wpb_wrapper\">\n<\/b><\/span>Ce que la trajectoire des anciens d\u2019Art-Cloche nous dit\u00a0sur le fonctionnement du monde de l\u2019art<\/strong><\/p>\n<p class=\"p1\"><span class=\"s1\">Premier travail \u00e0 avoir re\u00e7u le Prix du m\u00e9moire de Sciences Po Lyon, cet ouvrage remet en lumi\u00e8re <\/span><span class=\"s1\">l\u2019histoire du collectif artistique Art-Cloche et soul\u00e8ve, \u00e0 travers la marginalit\u00e9 du mouvement, les questions de hi\u00e9rarchie et de pouvoir au sein du monde de l\u2019art.\u00a0<\/span><\/p>\n<p class=\"bodytext\"><strong>Prix du m\u00e9moire de Sciences Po Lyon 2018.\u00a0<\/strong><\/p>\n<p><strong><span style=\"color: #eb8367;\">\u00c9galement \u00e9dit\u00e9 avec ce partenaire <\/span>: <em><a href=\"https:\/\/www.editions-libel.fr\/maison-edition\/boutique\/une-grande-ecole-de-la-cite-sciences-po-lyon-70-ans\/\">Une grande \u00e9cole de la Cit\u00e9<\/a><\/em><\/strong><\/p>\n<p>&nbsp;<\/p>\n<p>&nbsp;<\/p>\n<p>&nbsp;<\/p>\n","protected":false},"featured_media":6858,"template":"","meta":[],"product_cat":[88,77,82,15,25],"product_tag":[],"class_list":["post-6847","product","type-product","status-publish","has-post-thumbnail","hentry","product_cat-collection-sciences-po","product_cat-histoire-2","product_cat-libel","product_cat-histoire","product_cat-societe"],"_links":{"self":[{"href":"https:\/\/dev.editions-libel.fr\/2019\/wp-json\/wp\/v2\/product\/6847","targetHints":{"allow":["GET"]}}],"collection":[{"href":"https:\/\/dev.editions-libel.fr\/2019\/wp-json\/wp\/v2\/product"}],"about":[{"href":"https:\/\/dev.editions-libel.fr\/2019\/wp-json\/wp\/v2\/types\/product"}],"wp:featuredmedia":[{"embeddable":true,"href":"https:\/\/dev.editions-libel.fr\/2019\/wp-json\/wp\/v2\/media\/6858"}],"wp:attachment":[{"href":"https:\/\/dev.editions-libel.fr\/2019\/wp-json\/wp\/v2\/media?parent=6847"}],"wp:term":[{"taxonomy":"product_cat","embeddable":true,"href":"https:\/\/dev.editions-libel.fr\/2019\/wp-json\/wp\/v2\/product_cat?post=6847"},{"taxonomy":"product_tag","embeddable":true,"href":"https:\/\/dev.editions-libel.fr\/2019\/wp-json\/wp\/v2\/product_tag?post=6847"}],"curies":[{"name":"wp","href":"https:\/\/api.w.org\/{rel}","templated":true}]}}