{"id":5024,"date":"2019-05-22T09:55:42","date_gmt":"2019-05-22T07:55:42","guid":{"rendered":"http:\/\/dev.editions-libel.fr\/2019\/?post_type=product&#038;p=5024"},"modified":"2024-01-15T12:07:08","modified_gmt":"2024-01-15T11:07:08","slug":"lhomme-au-gant","status":"publish","type":"product","link":"https:\/\/dev.editions-libel.fr\/2019\/boutique\/lhomme-au-gant\/","title":{"rendered":"L&rsquo;Homme au gant"},"content":{"rendered":"[vc_row][vc_column][vc_column_text]<span style=\"text-decoration: underline;\"><a href=\"https:\/\/issuu.com\/libel\/docs\/homme-au-gant-libel_issuu-bd\" target=\"_blank\" rel=\"noopener noreferrer\">Feuilleter un extrait<\/a><\/span><br \/>\n<span style=\"text-decoration: underline;\"><a href=\"https:\/\/www.editions-libel.fr\/maison-edition\/wp-content\/uploads\/DP_HOMME-AU-GANT.pdf\" target=\"_blank\" rel=\"noopener noreferrer\">Dossier de presse<\/a><\/span><br \/>\n<span style=\"text-decoration: underline;\"><a href=\"https:\/\/www.editions-libel.fr\/maison-edition\/wp-content\/uploads\/NOTICE_LIBEL_LHOMME-AU-GANT-OK.pdf\" target=\"_blank\" rel=\"noopener noreferrer\">Notice libraire<\/a><\/span><\/p>\n<p>&nbsp;<\/p>\n<p><strong>On en parle :<\/strong>[\/vc_column_text][\/vc_column][\/vc_row][vc_row][vc_column][vc_tta_pageable no_fill_content_area=\u00a0\u00bb1&Prime; active_section=\u00a0\u00bb1&Prime; pagination_color=\u00a0\u00bborange\u00a0\u00bb][vc_tta_section title=\u00a0\u00bbSection 1&Prime; tab_id=\u00a0\u00bb1590495786774-176d159a-cc9e\u00a0\u00bb][vc_column_text]<em>Un coup de coeur qui se confirme avec ce deuxi\u00e8me tome des \u00ab\u00a0Dents noires\u00a0\u00bb, vivement le tome 3.<\/em><br \/>\nG\u00e9raldine P.[\/vc_column_text][\/vc_tta_section][vc_tta_section title=\u00a0\u00bbSection 2&Prime; tab_id=\u00a0\u00bb1590495786789-31625210-2227&Prime;][vc_column_text]<em>Un fort beau roman, m\u00ealant avec habilet\u00e9 personnages historiques et fictionnels, r\u00e9flexion et actions, anecdotes et grands \u00e9v\u00e9nements &#8211; cette trilogie est vraiment passionnante !<\/em><br \/>\nQuatre Sans Quatre[\/vc_column_text][\/vc_tta_section][\/vc_tta_pageable][\/vc_column][\/vc_row]\n","protected":false},"excerpt":{"rendered":"<div id=\"tab-2c94af60-a783-10\" class=\"wpb_tab ui-tabs-panel wpb_ui-tabs-hide vc_clearfix ui-widget-content ui-corner-bottom\" role=\"tabpanel\" aria-labelledby=\"ui-id-1\" aria-hidden=\"false\">\n<div class=\"wpb_text_column wpb_content_element \">\n<div class=\"wpb_wrapper\"><a class=\"ebook\" href=\"https:\/\/www.editions-fablyo.fr\/produit\/lhomme-au-gant\/\" target=\"_blank\" rel=\"noopener noreferrer\"><img decoding=\"async\" style=\"width: 30px;\" src=\"https:\/\/www.editions-libel.fr\/maison-edition\/picto-fablyo-rose.svg\" \/>Ebook disponible ici<\/a><strong><span style=\"color: #cc0000;\"><br \/>\n<\/span><\/strong><strong>Les Dents Noires, vol. 2<br \/>\n<\/strong>Roman initiatique inspir\u00e9 de personnages et d\u2019\u00e9v\u00e8nements r\u00e9els, <em>L\u2019Homme au gant<\/em> est l\u2019histoire d\u2019une vie. Apr\u00e8s <em>La Colline aux corbeaux<\/em>, premier tome de la saga \u00ab\u2009Les Dents noires\u2009\u00bb, il plonge le lecteur au c\u0153ur des capitales de l\u2019imprimerie que sont Lyon et Venise, o\u00f9 se croisent des personnages aussi fameux que le richissime banquier Thomas Gadagne, le mage Nostradamus ou encore \u00ab\u2009le Prince des libraires\u2009\u00bb, S\u00e9bastien Gryphe \u2013 dans un si\u00e8cle raffin\u00e9 et violent qui \u00e9voque, par ses bouleversements, notre monde contemporain. <em>Cet ouvrage a \u00e9t\u00e9 publi\u00e9 avec le soutien de la R\u00e9gion Auvergne-Rh\u00f4ne-Alpes.<\/em><\/div>\n<div><\/div>\n<div class=\"wpb_wrapper\"><strong><span style=\"color: #eb8367;\"><b>\u00c9galement disponible : <\/b><\/span><em><a href=\"https:\/\/www.editions-libel.fr\/maison-edition\/boutique\/la-colline-aux-corbeaux\/\">La Colline aux corbeaux<\/a> (Les Dents Noires, vol. 1) &amp; <a href=\"https:\/\/www.editions-libel.fr\/maison-edition\/boutique\/lencre-et-le-feu\/\" target=\"_blank\" rel=\"noopener noreferrer\">L&rsquo;Encre et le feu<\/a>\u00a0(Les Dents Noires, vol. 3)<\/em><\/strong><\/div>\n<\/div>\n<\/div>\n","protected":false},"featured_media":5247,"template":"","meta":[],"product_cat":[82,70,15,17,43,22],"product_tag":[],"class_list":["post-5024","product","type-product","status-publish","has-post-thumbnail","hentry","product_cat-libel","product_cat-litterature","product_cat-histoire","product_cat-lyon","product_cat-patrimoines","product_cat-recit"],"_links":{"self":[{"href":"https:\/\/dev.editions-libel.fr\/2019\/wp-json\/wp\/v2\/product\/5024","targetHints":{"allow":["GET"]}}],"collection":[{"href":"https:\/\/dev.editions-libel.fr\/2019\/wp-json\/wp\/v2\/product"}],"about":[{"href":"https:\/\/dev.editions-libel.fr\/2019\/wp-json\/wp\/v2\/types\/product"}],"wp:featuredmedia":[{"embeddable":true,"href":"https:\/\/dev.editions-libel.fr\/2019\/wp-json\/wp\/v2\/media\/5247"}],"wp:attachment":[{"href":"https:\/\/dev.editions-libel.fr\/2019\/wp-json\/wp\/v2\/media?parent=5024"}],"wp:term":[{"taxonomy":"product_cat","embeddable":true,"href":"https:\/\/dev.editions-libel.fr\/2019\/wp-json\/wp\/v2\/product_cat?post=5024"},{"taxonomy":"product_tag","embeddable":true,"href":"https:\/\/dev.editions-libel.fr\/2019\/wp-json\/wp\/v2\/product_tag?post=5024"}],"curies":[{"name":"wp","href":"https:\/\/api.w.org\/{rel}","templated":true}]}}