{"id":3712,"date":"2018-03-20T11:29:19","date_gmt":"2018-03-20T10:29:19","guid":{"rendered":"http:\/\/www.editions-libel.fr\/maison-edition\/boutique\/quarante-ans-de-tramways-en-france\/"},"modified":"2024-01-15T12:07:45","modified_gmt":"2024-01-15T11:07:45","slug":"quarante-ans-de-tramways-en-france","status":"publish","type":"product","link":"https:\/\/dev.editions-libel.fr\/2019\/boutique\/quarante-ans-de-tramways-en-france\/","title":{"rendered":"Quarante ans de Tramways en France"},"content":{"rendered":"[vc_row][vc_column][vc_column_text]<span style=\"text-decoration: underline;\"><a href=\"https:\/\/issuu.com\/libel\/docs\/libel_tramway-issuu\" target=\"_blank\" rel=\"noopener noreferrer\">Feuilleter un extrait<\/a><br \/>\n<a href=\"https:\/\/www.editions-libel.fr\/maison-edition\/wp-content\/uploads\/TRAMWAYS-SOMMAIRE.pdf\" target=\"_blank\" rel=\"noopener noreferrer\">Voir le sommaire<\/a><\/span><br \/>\n<span style=\"text-decoration: underline;\"><a href=\"https:\/\/www.editions-libel.fr\/maison-edition\/wp-content\/uploads\/DP_TRAMWAY-BD.pdf\" target=\"_blank\" rel=\"noopener noreferrer\">Dossier de presse<\/a><\/span><br \/>\n<span style=\"text-decoration: underline;\"><a href=\"https:\/\/www.editions-libel.fr\/maison-edition\/wp-content\/uploads\/Notice_TRAMWAY-HD.pdf\" target=\"_blank\" rel=\"noopener noreferrer\">Notice libraire<\/a><br \/>\n<a href=\"https:\/\/www.editions-libel.fr\/maison-edition\/wp-content\/uploads\/BC_TRAMWAY-planche.pdf\" target=\"_blank\" rel=\"noopener noreferrer\">Bon de commande<\/a><\/span><\/p>\n<p>&nbsp;<\/p>\n<p><strong>On en parle :<\/strong>[\/vc_column_text][\/vc_column][\/vc_row][vc_row][vc_column][vc_tta_pageable no_fill_content_area=\u00a0\u00bb1&Prime; active_section=\u00a0\u00bb1&Prime; pagination_color=\u00a0\u00bborange\u00a0\u00bb][vc_tta_section title=\u00a0\u00bbSection 1&Prime; tab_id=\u00a0\u00bb1591088390996-a0a5aaf1-f0c2&Prime;][vc_column_text]<em>Le livre est tr\u00e8s beau, conforme \u00e0 notre intention. Bravo !<\/em><br \/>\nS\u00e9bastien Barbe[\/vc_column_text][\/vc_tta_section][vc_tta_section title=\u00a0\u00bbSection 1&Prime; tab_id=\u00a0\u00bb1591088448455-d5192689-9c74&Prime;][vc_column_text]<em>Je vous f\u00e9licite pour la qualit\u00e9 graphique de l&rsquo;ouvrage que j&rsquo;ai beaucoup appr\u00e9ci\u00e9e.<\/em><br \/>\nArnaud Passalaqua[\/vc_column_text][\/vc_tta_section][\/vc_tta_pageable][\/vc_column][\/vc_row]\n","protected":false},"excerpt":{"rendered":"<div><strong><b><span style=\"color: #ff0000;\">\u00c9puis\u00e9<\/span><\/b><\/strong><\/div>\n<div>[Collectif]<br \/>\nCet ouvrage collectif en lumi\u00e8re les processus et les multiples acteurs qui ont particip\u00e9 au retour du tramway dans les grandes villes fran\u00e7aises depuis quarante ans, mais qui ont conduit aussi \u00e0 l\u2019exportation du \u00ab tramway fran\u00e7ais standard \u00bb dans nombre de m\u00e9tropoles \u00e0 l\u2019\u00e9tranger.<\/div>\n<div>\n<p>Agr\u00e9ment\u00e9 d&rsquo;une riche iconographie, ce livre rassemble les points de vue de grands t\u00e9moins (architectes, urbanistes, ing\u00e9nieurs, experts) et les regards de chercheurs (g\u00e9ographes, politistes, historiens, sociologues, \u00e9conomistes) parmi les meilleurs sp\u00e9cialistes des villes et des transports urbains.<\/p>\n<p>Ouvrage dirig\u00e9 par <strong>S\u00e9bastien Gardon<\/strong> en partenariat avec <strong>Rails et Histoires<\/strong>.<\/p>\n<\/div>\n<div id=\"tab-1444942031895-3-6\" class=\"wpb_tab ui-tabs-panel wpb_ui-tabs-hide vc_clearfix ui-widget-content ui-corner-bottom\" role=\"tabpanel\" aria-labelledby=\"ui-id-3\" aria-hidden=\"false\">\n<div class=\"wpb_text_column wpb_content_element \">\n<div class=\"wpb_wrapper\">\n<p class=\"p1\"><em><strong><span class=\"s1\"><a href=\"https:\/\/www.ahicf.com\/\">Rails et Histoire<\/a>\u00a0<\/span><\/strong>a \u00e9t\u00e9 cr\u00e9\u00e9e en 1987.\u00a0Association pour l\u2019histoire des chemins de fer, elle r\u00e9unit les professionnels du rail, ceux de la recherche en sciences humaines et\u00a0sociales et du patrimoine culturel.<\/em><br \/>\n<em>Le comit\u00e9 scientifique est charg\u00e9 de mener \u00e0 bien des projets de recherche en lien avec des institutions de recherche ou les collectivit\u00e9s publiques, tels que des publications, des journ\u00e9es scientifiques, des programmes sp\u00e9cifiques ou encore des colloques.<\/em><\/p>\n<p class=\"p2\"><em><strong><span class=\"s2\">Quarante ans de tramways en France <\/span><\/strong>est issu de l\u2019une de ces actions en<\/em>\u00a0<em>regroupant les \u00e9tudes et les t\u00e9moignages des intervenants au s\u00e9minaire \u00abR\u00e9inventer<\/em>\u00a0<em>le tramway ? Quarante ann\u00e9es de transports en commun en site propre et transports <\/em><em>guid\u00e9s en France : controverses et r\u00e9alisations\u00bb organis\u00e9 du printemps 2013 au printemps 2015.<\/em><\/p>\n<p>&nbsp;<\/p>\n<\/div>\n<\/div>\n<\/div>\n","protected":false},"featured_media":7039,"template":"","meta":[],"product_cat":[77,82,8,15,43,25,26],"product_tag":[],"class_list":["post-3712","product","type-product","status-publish","has-post-thumbnail","hentry","product_cat-histoire-2","product_cat-libel","product_cat-epuises","product_cat-histoire","product_cat-patrimoines","product_cat-societe","product_cat-urbanisme"],"_links":{"self":[{"href":"https:\/\/dev.editions-libel.fr\/2019\/wp-json\/wp\/v2\/product\/3712","targetHints":{"allow":["GET"]}}],"collection":[{"href":"https:\/\/dev.editions-libel.fr\/2019\/wp-json\/wp\/v2\/product"}],"about":[{"href":"https:\/\/dev.editions-libel.fr\/2019\/wp-json\/wp\/v2\/types\/product"}],"wp:featuredmedia":[{"embeddable":true,"href":"https:\/\/dev.editions-libel.fr\/2019\/wp-json\/wp\/v2\/media\/7039"}],"wp:attachment":[{"href":"https:\/\/dev.editions-libel.fr\/2019\/wp-json\/wp\/v2\/media?parent=3712"}],"wp:term":[{"taxonomy":"product_cat","embeddable":true,"href":"https:\/\/dev.editions-libel.fr\/2019\/wp-json\/wp\/v2\/product_cat?post=3712"},{"taxonomy":"product_tag","embeddable":true,"href":"https:\/\/dev.editions-libel.fr\/2019\/wp-json\/wp\/v2\/product_tag?post=3712"}],"curies":[{"name":"wp","href":"https:\/\/api.w.org\/{rel}","templated":true}]}}