{"id":3053,"date":"2017-06-20T13:35:38","date_gmt":"2017-06-20T12:35:38","guid":{"rendered":"http:\/\/www.editions-libel.fr\/maison-edition\/boutique\/les-canuts-ou-la-democratie-turbulente\/"},"modified":"2024-01-15T12:08:02","modified_gmt":"2024-01-15T11:08:02","slug":"les-canuts-ou-la-democratie-turbulente","status":"publish","type":"product","link":"https:\/\/dev.editions-libel.fr\/2019\/boutique\/les-canuts-ou-la-democratie-turbulente\/","title":{"rendered":"Les Canuts ou la d\u00e9mocratie turbulente"},"content":{"rendered":"[vc_row][vc_column][vc_column_text]<span style=\"text-decoration: underline;\"><a href=\"https:\/\/issuu.com\/libel\/docs\/libel_canuts_issuu\" target=\"_blank\" rel=\"noopener noreferrer\">Feuilleter un extrait<\/a><br \/>\n<a href=\"https:\/\/www.editions-libel.fr\/maison-edition\/wp-content\/uploads\/Pages-de-DP_CANUTS.pdf\" target=\"_blank\" rel=\"noopener noreferrer\">Voir le sommaire<\/a><\/span><br \/>\n<span style=\"text-decoration: underline;\"><a href=\"https:\/\/www.editions-libel.fr\/maison-edition\/wp-content\/uploads\/DP_CANUTS.pdf\" target=\"_blank\" rel=\"noopener noreferrer\">Dossier de presse<\/a><\/span><br \/>\n<span style=\"text-decoration: underline;\"><a href=\"https:\/\/www.editions-libel.fr\/maison-edition\/wp-content\/uploads\/NOTICE_CANUTS.pdf\" target=\"_blank\" rel=\"noopener noreferrer\">Notice libraire<\/a><\/span>[\/vc_column_text][\/vc_column][\/vc_row]\n","protected":false},"excerpt":{"rendered":"<div id=\"tab-2c94af60-a783-10\" class=\"wpb_tab ui-tabs-panel wpb_ui-tabs-hide vc_clearfix ui-widget-content ui-corner-bottom\" role=\"tabpanel\" aria-labelledby=\"ui-id-1\" aria-hidden=\"false\">\n<div class=\"wpb_text_column wpb_content_element \">\n<div class=\"wpb_wrapper\"><!-- Bouton Ebook --><span style=\"color: #ff0000;\"><strong>Nouvelle \u00e9dition<\/strong><br \/>\n<\/span><br \/>\n<a class=\"ebook\" href=\"https:\/\/www.editions-fablyo.fr\/produit\/les-canuts-ou-la-democratie-turbulente\/\" target=\"_blank\" rel=\"noopener noreferrer\"><img decoding=\"async\" style=\"width: 30px;\" src=\"https:\/\/www.editions-libel.fr\/maison-edition\/picto-fablyo-rose.svg\" \/>Ebook disponible ici<\/a><br \/>\n<!-- \/ Bouton Ebook --><br \/>\n<strong>Lyon, 1831-1834<br \/>\n<\/strong>\u00ab\u2009Vivre en travaillant, mourir en combattant\u00bb : c\u2019est le mot d\u2019ordre que les canuts de Lyon\u00a0scandent, les armes \u00e0 la main, pour prot\u00e9ger leur autonomie et leur libert\u00e9 face aux \u201cexperts\u201d du temps\u00a0qui entendent transformer radicalement le mod\u00e8le de la Grande Fabrique. Alors qu\u2019une nouvelle \u00e8re industrielle s\u2019ouvre, ils cr\u00e9ent l\u2019\u00c9cho de la Fabrique, un moyen de communication original pour trouver ensemble un moyen de s\u2019adapter \u00e0 ces \u00e9volutions. Une voie de contestation m\u00e9connue, \u00e9clips\u00e9e par les insurrections, que ce livre propose de red\u00e9couvrir.<\/div>\n<div><\/div>\n<div class=\"wpb_wrapper\"><em>Cet ouvrage a \u00e9t\u00e9 publi\u00e9 avec le soutien de la R\u00e9gion Auvergne-Rh\u00f4ne-Alpes<\/em><strong>\u00c9galement disponibles dans la collection <\/strong><a href=\"https:\/\/www.editions-libel.fr\/maison-edition\/categorie-produit\/collection-lignes-de-villes\/\" target=\"_blank\" rel=\"noopener noreferrer\">Lignes de vi[ll]es<\/a><\/div>\n<\/div>\n<\/div>\n","protected":false},"featured_media":5383,"template":"","meta":[],"product_cat":[77,82,15,17,43,23,25,44],"product_tag":[],"class_list":["post-3053","product","type-product","status-publish","has-post-thumbnail","hentry","product_cat-histoire-2","product_cat-libel","product_cat-histoire","product_cat-lyon","product_cat-patrimoines","product_cat-regionalisme","product_cat-societe","product_cat-collection-lignes-de-villes"],"_links":{"self":[{"href":"https:\/\/dev.editions-libel.fr\/2019\/wp-json\/wp\/v2\/product\/3053","targetHints":{"allow":["GET"]}}],"collection":[{"href":"https:\/\/dev.editions-libel.fr\/2019\/wp-json\/wp\/v2\/product"}],"about":[{"href":"https:\/\/dev.editions-libel.fr\/2019\/wp-json\/wp\/v2\/types\/product"}],"wp:featuredmedia":[{"embeddable":true,"href":"https:\/\/dev.editions-libel.fr\/2019\/wp-json\/wp\/v2\/media\/5383"}],"wp:attachment":[{"href":"https:\/\/dev.editions-libel.fr\/2019\/wp-json\/wp\/v2\/media?parent=3053"}],"wp:term":[{"taxonomy":"product_cat","embeddable":true,"href":"https:\/\/dev.editions-libel.fr\/2019\/wp-json\/wp\/v2\/product_cat?post=3053"},{"taxonomy":"product_tag","embeddable":true,"href":"https:\/\/dev.editions-libel.fr\/2019\/wp-json\/wp\/v2\/product_tag?post=3053"}],"curies":[{"name":"wp","href":"https:\/\/api.w.org\/{rel}","templated":true}]}}