{"id":2666,"date":"2017-02-17T15:40:53","date_gmt":"2017-02-17T14:40:53","guid":{"rendered":"http:\/\/www.editions-libel.fr\/maison-edition\/boutique\/max-bobichon\/"},"modified":"2024-01-15T12:08:03","modified_gmt":"2024-01-15T11:08:03","slug":"max-bobichon","status":"publish","type":"product","link":"https:\/\/dev.editions-libel.fr\/2019\/boutique\/max-bobichon\/","title":{"rendered":"Max Bobichon"},"content":{"rendered":"[vc_row][vc_column][vc_column_text]<span style=\"text-decoration: underline;\"><a href=\"https:\/\/www.editions-libel.fr\/maison-edition\/wp-content\/uploads\/CP_BOBICHON-CORRIGE%CC%81.pdf\" target=\"_blank\" rel=\"noopener noreferrer\">Communiqu\u00e9 de presse<\/a><\/span><br \/>\n<span style=\"text-decoration: underline;\"><a href=\"https:\/\/www.editions-libel.fr\/maison-edition\/wp-content\/uploads\/NOTICE_BOBICHON-BD.pdf\" target=\"_blank\" rel=\"noopener noreferrer\">Notice libraire<br \/>\n<\/a><\/span><\/p>\n<p>&nbsp;<\/p>\n<p><strong>On en parle :<\/strong>[\/vc_column_text][\/vc_column][\/vc_row][vc_row][vc_column][vc_tta_pageable no_fill_content_area=\u00a0\u00bb1&Prime; active_section=\u00a0\u00bb1&Prime; pagination_color=\u00a0\u00bborange\u00a0\u00bb][vc_tta_section title=\u00a0\u00bbSection 1&Prime; tab_id=\u00a0\u00bb1591092676593-7473377a-3b18&Prime;][vc_column_text]<em>Merci beaucoup pour ce superbe travail.<\/em><br \/>\nThomas Montmessin[\/vc_column_text][\/vc_tta_section][vc_tta_section title=\u00a0\u00bbSection 1&Prime; tab_id=\u00a0\u00bb1591092883642-b61c39ce-d219&Prime;][vc_column_text]<em>Tr\u00e8s beau livre sur la vie riche en \u00e9v\u00e9nements et en rencontres d&rsquo;un homme de foi, de tol\u00e9rance, de paix<\/em>.<br \/>\nThomas Rudigoz[\/vc_column_text][\/vc_tta_section][vc_tta_section title=\u00a0\u00bbSection 1&Prime; tab_id=\u00a0\u00bb1591092962572-6d981ccb-53b5&Prime;][vc_column_text]Ce livre est passionnant. Belle r\u00e9trospective de sa vie \u00e0 travers les \u00e9poques qui ont marqu\u00e9 notre histoire.<br \/>\nClient\u00b7e\u00a0AMAZON[\/vc_column_text][\/vc_tta_section][\/vc_tta_pageable][\/vc_column][\/vc_row]\n","protected":false},"excerpt":{"rendered":"<div id=\"tab-2c94af60-a783-10\" class=\"wpb_tab ui-tabs-panel wpb_ui-tabs-hide vc_clearfix ui-widget-content ui-corner-bottom\" role=\"tabpanel\" aria-labelledby=\"ui-id-1\" aria-hidden=\"false\">\n<div class=\"wpb_text_column wpb_content_element \">\n<div class=\"wpb_wrapper\"><!-- Bouton Ebook --><br \/>\n<a class=\"ebook\" href=\"https:\/\/www.editions-fablyo.fr\/produit\/max-bobichon\/\" target=\"_blank\" rel=\"noopener noreferrer\"><img decoding=\"async\" style=\"width: 30px;\" src=\"https:\/\/www.editions-libel.fr\/maison-edition\/picto-fablyo-rose.svg\" \/>Ebook disponible ici<\/a><br \/>\n<!-- \/ Bouton Ebook --><br \/>\n<strong>Un pr\u00eatre dans la cit\u00e9<br \/>\n<\/strong>Figure de la pastorale lyonnaise, le p\u00e8re Max Bobichon se d\u00e9voile au fil de riches \u00e9changes, sa vocation de pr\u00eatre mais aussi ses engagements depuis son ordination il y a plus de 60 ans jusqu\u2019\u00e0 la cr\u00e9ation du groupe \u00ab fils d\u2019Abraham \u00bb. D\u00e9couvrez un amoureux de Lyon, r\u00e9v\u00e9lateur de lieux qu\u2019il a travers\u00e9s, f\u00e9d\u00e9rateur de personnes qu\u2019il a rencontr\u00e9es faisant de lui \u00ab un pr\u00eatre dans la Cit\u00e9 \u00bb<\/div>\n<\/div>\n<\/div>\n","protected":false},"featured_media":5676,"template":"","meta":[],"product_cat":[77,82,17,43,22],"product_tag":[],"class_list":["post-2666","product","type-product","status-publish","has-post-thumbnail","hentry","product_cat-histoire-2","product_cat-libel","product_cat-lyon","product_cat-patrimoines","product_cat-recit"],"_links":{"self":[{"href":"https:\/\/dev.editions-libel.fr\/2019\/wp-json\/wp\/v2\/product\/2666","targetHints":{"allow":["GET"]}}],"collection":[{"href":"https:\/\/dev.editions-libel.fr\/2019\/wp-json\/wp\/v2\/product"}],"about":[{"href":"https:\/\/dev.editions-libel.fr\/2019\/wp-json\/wp\/v2\/types\/product"}],"wp:featuredmedia":[{"embeddable":true,"href":"https:\/\/dev.editions-libel.fr\/2019\/wp-json\/wp\/v2\/media\/5676"}],"wp:attachment":[{"href":"https:\/\/dev.editions-libel.fr\/2019\/wp-json\/wp\/v2\/media?parent=2666"}],"wp:term":[{"taxonomy":"product_cat","embeddable":true,"href":"https:\/\/dev.editions-libel.fr\/2019\/wp-json\/wp\/v2\/product_cat?post=2666"},{"taxonomy":"product_tag","embeddable":true,"href":"https:\/\/dev.editions-libel.fr\/2019\/wp-json\/wp\/v2\/product_tag?post=2666"}],"curies":[{"name":"wp","href":"https:\/\/api.w.org\/{rel}","templated":true}]}}