{"id":10344,"date":"2025-02-24T10:53:26","date_gmt":"2025-02-24T09:53:26","guid":{"rendered":"https:\/\/www.editions-libel.fr\/maison-edition\/?post_type=product&#038;p=10344"},"modified":"2025-09-04T15:24:34","modified_gmt":"2025-09-04T13:24:34","slug":"lange-ecoute","status":"publish","type":"product","link":"https:\/\/dev.editions-libel.fr\/2019\/boutique\/lange-ecoute\/","title":{"rendered":"L&rsquo;ange \u00e9coute"},"content":{"rendered":"[vc_row][vc_column][vc_column_text]<a href=\"https:\/\/heyzine.com\/flip-book\/ab1e2823a2.html\" target=\"_blank\" rel=\"noopener\"><span style=\"text-decoration: underline;\">Feuilleter un extrait<\/span><\/a><br \/>\n<a href=\"https:\/\/www.editions-libel.fr\/maison-edition\/wp-content\/uploads\/LIBEL_DP_ROSALES.pdf\"><span style=\"text-decoration: underline;\">Dossier de presse<\/span><\/a><br \/>\n<a href=\"https:\/\/www.editions-libel.fr\/maison-edition\/wp-content\/uploads\/NOTICE_LIBEL_L-ANGE-ECOUTE.pdf\"><span style=\"text-decoration: underline;\">Notice libraire<\/span><\/a>[\/vc_column_text][\/vc_column][\/vc_row]\n","protected":false},"excerpt":{"rendered":"<p><strong><span style=\"color: red;\">Nouveaut\u00e9 !<\/span><\/strong><\/p>\n<p>\u00ab Gr\u00e2ce \u00e0 Philippe je me sens un peu moins seul. Il m\u2019a fait l\u2019honneur de regarder mes films avec attention. Il a explor\u00e9, comme il dit, les contours de mes films pour r\u00e9v\u00e9ler au lecteur le sens cach\u00e9 derri\u00e8re les images et les sons. Il dit que mes films l\u2019aident \u00e0 vivre. Il n\u2019existe pas un meilleur compliment pour un artiste. On peut vivre sans art, certes, comme on peut vivre sans amour, mais combien la vie est plus pauvre sans amour et sans art. J\u2019aime l\u2019art avec passion. J\u2019aime passionn\u00e9ment les films des autres, les livres et la musique des autres. J\u2019aime les films d\u2019Hitchcock, de Bresson, de Tarkovski, de Bu\u00f1uel ou d\u2019Ozu. Tout comme j\u2019aime les vers de Baudelaire ou de Verlaine ou de Garc\u00eda Lorca ou de Borges. Je les aime parce qu\u2019ils m\u2019aident \u00e0 vivre. J\u2019aime aussi les textes de Philippe Roger sur mes films et sur les films des autres parce qu\u2019ils m\u2019aident \u00e0 faire du cin\u00e9ma. \u00bb<\/p>\n<p>Jaime Rosales<\/p>\n<p>&nbsp;<\/p>\n","protected":false},"featured_media":10336,"template":"","meta":[],"product_cat":[71,77,82,70,12,7],"product_tag":[],"class_list":["post-10344","product","type-product","status-publish","has-post-thumbnail","hentry","product_cat-arts","product_cat-histoire-2","product_cat-libel","product_cat-litterature","product_cat-art-contemporain","product_cat-nouveautes","product_shipping_class-promo"],"_links":{"self":[{"href":"https:\/\/dev.editions-libel.fr\/2019\/wp-json\/wp\/v2\/product\/10344","targetHints":{"allow":["GET"]}}],"collection":[{"href":"https:\/\/dev.editions-libel.fr\/2019\/wp-json\/wp\/v2\/product"}],"about":[{"href":"https:\/\/dev.editions-libel.fr\/2019\/wp-json\/wp\/v2\/types\/product"}],"wp:featuredmedia":[{"embeddable":true,"href":"https:\/\/dev.editions-libel.fr\/2019\/wp-json\/wp\/v2\/media\/10336"}],"wp:attachment":[{"href":"https:\/\/dev.editions-libel.fr\/2019\/wp-json\/wp\/v2\/media?parent=10344"}],"wp:term":[{"taxonomy":"product_cat","embeddable":true,"href":"https:\/\/dev.editions-libel.fr\/2019\/wp-json\/wp\/v2\/product_cat?post=10344"},{"taxonomy":"product_tag","embeddable":true,"href":"https:\/\/dev.editions-libel.fr\/2019\/wp-json\/wp\/v2\/product_tag?post=10344"}],"curies":[{"name":"wp","href":"https:\/\/api.w.org\/{rel}","templated":true}]}}