{"id":10193,"date":"2025-01-08T10:40:50","date_gmt":"2025-01-08T09:40:50","guid":{"rendered":"https:\/\/www.editions-libel.fr\/maison-edition\/?post_type=product&#038;p=10193"},"modified":"2025-01-20T16:16:35","modified_gmt":"2025-01-20T15:16:35","slug":"miroire-dune-ville","status":"publish","type":"product","link":"https:\/\/dev.editions-libel.fr\/2019\/boutique\/miroire-dune-ville\/","title":{"rendered":"Miroir d&rsquo;une ville"},"content":{"rendered":"[vc_row][vc_column][vc_column_text]<a href=\"https:\/\/heyzine.com\/flip-book\/865d90ecf9.html\" target=\"_blank\" rel=\"noopener\"><span style=\"text-decoration: underline;\">Feuilleter un extrait<\/span><\/a><br \/>\n<a href=\"https:\/\/www.editions-libel.fr\/maison-edition\/wp-content\/uploads\/LIBEL_DP_GADAGNE-1.pdf\" target=\"_blank\" rel=\"noopener\"><span style=\"text-decoration: underline;\">Dossier de presse<\/span><\/a><br \/>\n<a href=\"https:\/\/www.editions-libel.fr\/maison-edition\/wp-content\/uploads\/NOTICE_LIBEL_gadagne.pdf\" target=\"_blank\" rel=\"noopener\"><span style=\"text-decoration: underline;\">Notice libraire<\/span><\/a>[\/vc_column_text][\/vc_column][\/vc_row]\n","protected":false},"excerpt":{"rendered":"<p><strong><span style=\"color: red;\">Nouveaut\u00e9 !<\/span><\/strong><br \/>\n<strong><b>Le mus\u00e9e d&rsquo;histoire de Lyon<\/b><\/strong><\/p>\n<p class=\"p1\">Install\u00e9 depuis 1921 dans le bel \u00e9crin architectural de Gadagne, le mus\u00e9e d\u2019histoire de Lyon a pour mission de donner au public des cl\u00e9s de compr\u00e9hension de la ville. Un si\u00e8cle apr\u00e8s son ouverture, ce livre traite de l\u2019histoire du mus\u00e9e, de ses collections et des transformations successives qui en ont fait le mus\u00e9e urbain d\u2019aujourd\u2019hui. Cet ouvrage constitue \u00e9galement le prolongement de la visite du nouveau parcours permanent, compos\u00e9 de quatre expositions, proposant des mani\u00e8res diff\u00e9rentes et compl\u00e9mentaires de raconter la ville. Le mus\u00e9e d\u2019histoire de Lyon appartient \u00e0 un paysage culturel peupl\u00e9 de nombreux autres lieux o\u00f9 se vit la fabrique de l\u2019histoire, la valorisation du patrimoine et la mise en sc\u00e8ne du r\u00e9cit de la ville. C\u2019est pourquoi ce livre rassemble les contributions de plus de quatre-vingts auteurs et autrices, de tous horizons professionnels et disciplines scientifiques, qui apportent leurs regards sur leurs collections, leur institution ou leur sujet de recherche. \u00c0 travers la pr\u00e9sentation de plus d\u2019une centaine d\u2019objets, d\u2019\u0153uvres et de documents, c\u2019est le portrait d\u2019une ville qui se refl\u00e8te, comme dans un miroir aux multiples facettes.<\/p>\n<p><em>Sous la direction de Xavier de la Selle<\/em><\/p>\n","protected":false},"featured_media":10195,"template":"","meta":[],"product_cat":[71,77,82,11,15,17,7,43,22,23,25,26],"product_tag":[],"class_list":["post-10193","product","type-product","status-publish","has-post-thumbnail","hentry","product_cat-arts","product_cat-histoire-2","product_cat-libel","product_cat-architecture","product_cat-histoire","product_cat-lyon","product_cat-nouveautes","product_cat-patrimoines","product_cat-recit","product_cat-regionalisme","product_cat-societe","product_cat-urbanisme"],"_links":{"self":[{"href":"https:\/\/dev.editions-libel.fr\/2019\/wp-json\/wp\/v2\/product\/10193","targetHints":{"allow":["GET"]}}],"collection":[{"href":"https:\/\/dev.editions-libel.fr\/2019\/wp-json\/wp\/v2\/product"}],"about":[{"href":"https:\/\/dev.editions-libel.fr\/2019\/wp-json\/wp\/v2\/types\/product"}],"wp:featuredmedia":[{"embeddable":true,"href":"https:\/\/dev.editions-libel.fr\/2019\/wp-json\/wp\/v2\/media\/10195"}],"wp:attachment":[{"href":"https:\/\/dev.editions-libel.fr\/2019\/wp-json\/wp\/v2\/media?parent=10193"}],"wp:term":[{"taxonomy":"product_cat","embeddable":true,"href":"https:\/\/dev.editions-libel.fr\/2019\/wp-json\/wp\/v2\/product_cat?post=10193"},{"taxonomy":"product_tag","embeddable":true,"href":"https:\/\/dev.editions-libel.fr\/2019\/wp-json\/wp\/v2\/product_tag?post=10193"}],"curies":[{"name":"wp","href":"https:\/\/api.w.org\/{rel}","templated":true}]}}